{"id":8,"date":"2015-11-03T19:44:53","date_gmt":"2015-11-03T19:44:53","guid":{"rendered":"http:\/\/www.hartmannpraxis.com\/?page_id=8"},"modified":"2019-07-29T16:58:09","modified_gmt":"2019-07-29T16:58:09","slug":"behandlungen-von","status":"publish","type":"page","link":"https:\/\/www.hartmannpraxis.com\/?page_id=8","title":{"rendered":"Behandlungen"},"content":{"rendered":"\t<h1>Archives<\/h1>\t\t<p>Arten von Behandlungen:<\/p>\n<ul>\n<li>Allergien (auch Lactose-Intoleranz, Z\u00f6liakie und Sonnenallergie)<\/li>\n<li>Phobien und \u00c4ngste<\/li>\n<li>Burnout,\u00a0Stress und Depressionen<\/li>\n<li>S\u00fcchte und Zw\u00e4nge (auch Rauchentw\u00f6hnung)<\/li>\n<li>Energetische Behandlungen<\/li>\n<li>Gelenk- und Gliederschmerzen<\/li>\n<li>Hautprobleme,\u00a0Psoriasis, Schuppenflechten<\/li>\n<li>Asthma, Leistungsasthma, Heuschnupfen<\/li>\n<li>Migr\u00e4ne, Schleudertrauma<\/li>\n<li>Rheuma<\/li>\n<li>N\u00e4gelkauen<\/li>\n<li>Usw.<\/li>\n<\/ul>\n<p>Auch Kinder sprechen gut auf diese Behandlungsmethode an.<\/p>\n<p><strong><u>Ganzheitliche Meridiantherapie <\/u><\/strong><strong><u>nach Hartmann<\/u><\/strong><strong><u> (GMT)<\/u><\/strong><\/p>\n<p>Meridianklopftherapien sind Behandlungsverfahren der energetischen Psychologie, welche sich schon seit Langem vor Allem in psychotherapeutischen Praxen als M\u00f6glichkeit, Stressmuster und Traumata zul\u00f6sen, bew\u00e4hrt haben. Dieser Behandlungsansatz wurde von Ren\u00e9 Hartmann zu einer auch im k\u00f6rperlichen Bereich hocheffektiven energetischen Heilmethode weiterentwickelt, die bereits vielen Menschen mit unterschiedlichsten gesundheitlichen Fragestellungen nachhaltige Gesundungserfolge gebracht hat. Das erstaunliche an dieser Methode ist, dass sie sowohl seelische Blockaden, \u00c4ngste und Traumata l\u00f6sen kann, wie auch sehr schnell wirksam bei Allergien eingesetzt werden kann. Es werden innerhalb einer Sitzung eine ganz bestimmte Abfolge von Meridianpunkten entsprechend den Akupunkturpunkten mit den Fingern geklopft und durch Energieheilarbeit unterst\u00fctzt. Der vermutete Wirkmechanismus: In den so angeregten Meridianen ( piezoelektischer Effekt) wird der Biophotonenfluss systemisch aktiviert, sodass \u00fcber die auf dem Solarplexus gelegte St\u00f6rinformation (Allergene, seelische Themen) eine Eigenregulation aktiviert wird. In dieser Weise lassen sich isolierte \u00c4ngste\/Phobien aber auch Allergien\u00a0 wie Heuschnupfen, Hausstauballergie oder Nahrungsmittel -intoleranzen verh\u00e4ltnism\u00e4ssig \u00a0schnell aufl\u00f6sen, wodurch sich Heilungsprozesse deutlich beschleunigen k\u00f6nnen.<\/p>\n","protected":false},"excerpt":{"rendered":"<p>Archives Arten von Behandlungen: Allergien (auch Lactose-Intoleranz, Z\u00f6liakie und Sonnenallergie) Phobien und \u00c4ngste Burnout,\u00a0Stress und Depressionen S\u00fcchte und Zw\u00e4nge (auch Rauchentw\u00f6hnung) Energetische Behandlungen Gelenk- und Gliederschmerzen Hautprobleme,\u00a0Psoriasis, Schuppenflechten Asthma, Leistungsasthma, Heuschnupfen Migr\u00e4ne, Schleudertrauma Rheuma N\u00e4gelkauen Usw. Auch Kinder sprechen gut auf diese Behandlungsmethode an. Ganzheitliche Meridiantherapie nach Hartmann (GMT) Meridianklopftherapien sind Behandlungsverfahren der energetischen Psychologie, welche sich schon seit Langem vor Allem in psychotherapeutischen Praxen als M\u00f6glichkeit, Stressmuster und Traumata zul\u00f6sen, bew\u00e4hrt haben. Dieser Behandlungsansatz wurde von Ren\u00e9 Hartmann zu einer auch im k\u00f6rperlichen Bereich hocheffektiven energetischen Heilmethode weiterentwickelt, die bereits vielen Menschen mit unterschiedlichsten gesundheitlichen Fragestellungen nachhaltige Gesundungserfolge gebracht [&hellip;]<\/p>\n","protected":false},"author":1,"featured_media":0,"parent":0,"menu_order":0,"comment_status":"closed","ping_status":"closed","template":"","meta":{"footnotes":""},"class_list":["post-8","page","type-page","status-publish","hentry"],"_links":{"self":[{"href":"https:\/\/www.hartmannpraxis.com\/index.php?rest_route=\/wp\/v2\/pages\/8","targetHints":{"allow":["GET"]}}],"collection":[{"href":"https:\/\/www.hartmannpraxis.com\/index.php?rest_route=\/wp\/v2\/pages"}],"about":[{"href":"https:\/\/www.hartmannpraxis.com\/index.php?rest_route=\/wp\/v2\/types\/page"}],"author":[{"embeddable":true,"href":"https:\/\/www.hartmannpraxis.com\/index.php?rest_route=\/wp\/v2\/users\/1"}],"replies":[{"embeddable":true,"href":"https:\/\/www.hartmannpraxis.com\/index.php?rest_route=%2Fwp%2Fv2%2Fcomments&post=8"}],"version-history":[{"count":10,"href":"https:\/\/www.hartmannpraxis.com\/index.php?rest_route=\/wp\/v2\/pages\/8\/revisions"}],"predecessor-version":[{"id":193,"href":"https:\/\/www.hartmannpraxis.com\/index.php?rest_route=\/wp\/v2\/pages\/8\/revisions\/193"}],"wp:attachment":[{"href":"https:\/\/www.hartmannpraxis.com\/index.php?rest_route=%2Fwp%2Fv2%2Fmedia&parent=8"}],"curies":[{"name":"wp","href":"https:\/\/api.w.org\/{rel}","templated":true}]}}